 5*i - 696 = -341. Suppose 2871 = -i*r + 74*r. What is the units digit of r?
7
Suppose 5135 = 2*i + 3*d - 8927, -d = -6. What is the tens digit of i?
2
Suppose 21 = 10*v - 29. Suppose 0 = v*x + 245 - 905. What is the units digit of x?
2
Let h = 49 - 43. Suppose -45 = -5*r - 5*l, 9 = -r + h*r - 4*l. Suppose -s + 3*u = -172, -2*s + r*u + 210 = -130. What is the hundreds digit of s?
1
Let a = -8424 - -12088. What is the units digit of a?
4
Let k(n) = -513*n - 19. Let r be k(5). Let d = 4952 + r. Suppose -7*h + d = 9*h. What is the tens digit of h?
4
Let q = -2395 + 4244. Let v = 2674 - q. What is the tens digit of v?
2
Suppose -3*z = 1080 + 2109. Let k = 1833 + z. What is the hundreds digit of k?
7
Suppose 4*q + q - 21815 = -0*q. What is the thousands digit of q?
4
Let s = 402 + 430. Suppose -s = -3*t - 4*a, -872 - 274 = -4*t + 2*a. What is the hundreds digit of t?
2
Let q be 1/((-172)/(-168) - 1). Let n be (91/52)/(q/(-40) + 1). Let f = 32 - n. What is the units digit of f?
7
Suppose -r + 2*t + 17 = -0*r, -r = 2*t - 13. Suppose -64*q + 736 = 28*q. Suppose -473 = -q*u + r. What is the tens digit of u?
6
Let k(i) = 168*i**2 + 82*i - 50. What is the thousands digit of k(-13)?
7
Suppose 2*h + 63054 = 4*f, -18*f - 5*h = -21*f + 47301. What is the thousands digit of f?
5
Let g(x) = -x**3 - 10*x**2 + 10*x - 5. Let z be g(-11). Suppose -2*k - z = -10. Suppose -269 = -k*j - 77. What is the units digit of j?
6
Let f = -8505 + 22032. What is the hundreds digit of f?
5
What is the tens digit of (0 - 20)/(-9 - (-249359)/27709)?
9
Let d(j) = j**3 - 24*j**2 + 18*j - 148. Let a(o) = -o**3 - 13*o**2 - 17*o - 36. Let y be a(-12). What is the hundreds digit of d(y)?
2
Let b = -32 - -10089. What is the tens digit of b?
5
Let u = 97 + -116. What is the units digit of (-3778782)/(-3087) + (u/(-21) - 1)?
4
Let p = -51903 - -73445. What is the tens digit of p?
4
Let l(p) be the first derivative of -133*p**2/2 - 85*p - 187. What is the units digit of l(-7)?
6
Let m(w) = -w**3 + w - 1. Let u(l) = 7*l**3 + 3*l**2 - 12*l + 13. Let c(d) = -6*m(d) - u(d). Let q be 493/(-116) + 3/(-4). What is the tens digit of c(q)?
1
Let f(n) = -61*n**3 + 9*n**2 + 5*n - 6. Let s be f(2). Let y = s - -531. What is the tens digit of y?
8
What is the thousands digit of 14 + (-1918042)/(-140) - 21/70?
3
Let p = -38037 + 66912. What is the ten thousands digit of p?
2
Let o = 49 + -84. Let w(g) = -8*g - 241. What is the tens digit of w(o)?
3
Let a(g) = -131*g + 127*g + 482*g**2 + 6 + 0 - 1. What is the hundreds digit of a(1)?
4
What is the tens digit of 45 - -377 - (6/3 + 2)?
1
Let b(w) = 119*w + 189. Let j be b(7). Suppose -j = -3*q + 4*g, 5*q + 3*g - 1686 = g. What is the tens digit of q?
3
Let c(p) = p**3 + 45*p**2 - 307*p + 19. What is the tens digit of c(-48)?
4
Let w = -679 + 1365. Let j = w + -325. What is the tens digit of j?
6
Let s(g) be the third derivative of -g**6/40 - g**4/12 - g**3/6 - 10*g**2. Let d be s(-2). Suppose -12*p + d + 33 = 0. What is the units digit of p?
5
Let a = -114 + 2. Let y = a - -114. Suppose -471 = 3*j - 6*j + 2*r, y*j + r = 321. What is the hundreds digit of j?
1
Let n(h) = 53*h**3 + h**2 - 7*h - 3. Let w be n(4). Suppose -w = -8*j + 223. What is the units digit of j?
0
Let h be -1*(-2)/(-5)*(-70)/4. Let o(k) = 9*k + 10. What is the units digit of o(h)?
3
Let l(x) = -2*x**3 - 18*x**2 - 33*x - 17. Let i = -275 + 263. What is the units digit of l(i)?
3
Let g(a) = 15*a + 75. Let v be g(-5). Suppose -25*m + 5932 + 3043 = v. What is the hundreds digit of m?
3
Let h(m) = 3*m**3 - 35*m**2 + 11*m - 9. Let i be h(14). Suppose 25*c - i = -12*c. What is the units digit of c?
1
Suppose q + 3*s - 8 = 5, 4 = 4*q - 4*s. Suppose 3*p = 9, -5*w - 5*p = -q*w - 330. Suppose 141 = 6*o - w. What is the units digit of o?
6
Suppose 4*b - 16 = -4*s, -3*s + 0*s - 4*b + 11 = 0. Let p = -39 + 44. Let z = s + p. What is the units digit of z?
0
Suppose 7*s - 15 = 4*s. Suppose -2*k = s*t - 1461, t = 3*k + 3*t - 2164. What is the hundreds digit of k?
7
Suppose -6*k - r = -80080, -18*r = 3*k - 15*r - 40035. What is the thousands digit of k?
3
What is the hundreds digit of (1271/(-62) + 20)/(1/(-75792))?
8
Suppose n = -3*u + 11, 0*u + 4*u - 16 = -n. Suppose -u*x + 603 = -1267. What is the hundreds digit of x?
3
Let q = 886 - 615. Let o = q + -214. What is the tens digit of o?
5
What is the hundreds digit of 356225*5/750*12?
4
Suppose 158*a - 162*a = -2*j + 52442, 131077 = 5*j - 3*a. What is the hundreds digit of j?
2
Suppose 2*v - 1836 = 4*l, -5*v + 48*l + 4630 = 46*l. Let z = -25 - -49. What is the tens digit of z/(-132) - v/(-22)?
4
Suppose 2*h + 129 = 5*h. Suppose 2*m - 2*a = 20, -6*m + m - 2*a = -h. Suppose 0 = m*z - 12*z + 318. What is the tens digit of z?
0
Suppose 0 = 2*u - 8, 3*b - 3*u - 3238 = 2*u. Let h = b - 642. What is the units digit of h?
4
Let x(a) be the second derivative of 8*a**3/3 + 59*a**2/2 - 7*a + 4. What is the units digit of x(13)?
7
Let s(l) = -904*l + 1022. What is the thousands digit of s(-5)?
5
Let a = 21 + -24. Let z(r) = 4*r**2 + 7*r - 7. Let b be z(a). Suppose 0 = b*u - 6*u - 94. What is the units digit of u?
7
Let s(y) = y**3 - 2*y**2 + 3*y - 3. Let i be s(2). Suppose -4*c = 5*x - 186, 61 + 190 = 5*c - i*x. Let m = c - -3. What is the tens digit of m?
5
Suppose -5*u - 149*u + 4089932 = 0. What is the hundreds digit of u?
5
Suppose 11*b - 16 = 7*b. Suppose -3*q = k + 2*q - 10, -2*k - b*q = -50. Suppose 155 - k = i. What is the hundreds digit of i?
1
Let d(t) = -t**3. Let f(q) = 4*q**3 + 5*q**2 - 29*q - 6. Let x(k) = -2*d(k) - f(k). What is the hundreds digit of x(-7)?
2
Suppose 0 = w - i - 9, -4*w + 5*i + 21 = 6*i. Suppose -192 = w*l - 12*l. What is the units digit of l?
2
Suppose -x - 28 = 4*h, -2*x + 5*h = -0*x - 9. Let y = x + 15. Suppose -y*d = -0*d - 847. What is the hundreds digit of d?
1
Suppose -66703 = -34*i + 21*i. What is the units digit of i?
1
Suppose -12*f + 28210 = 2470. What is the tens digit of f?
4
Suppose 66*k + 2624952 = 229*k. What is the tens digit of k?
0
Let n be ((-6)/27)/((-4)/(-6))*0. Let s(d) = -2*d - 12. Let y be s(-7). What is the tens digit of (2 - n)*13/y?
1
Suppose -15 = 2*b - 7*b. Suppose b*u = x - 13, 4*x + 2*u - 6 = x. Suppose x*w - 10 = 6. What is the units digit of w?
4
Let m(v) be the first derivative of -71*v**2/2 - 2*v + 16. Suppose 2*o - 1 = 3*o. What is the units digit of m(o)?
9
Suppose -4*s - 20 = -2*c, -2*c + 6*c - 8 = 0. What is the hundreds digit of ((-8862)/28)/(6/s)?
2
Let x = -219 - -404. Suppose 142*c + 106*c = 1240. Suppose 1013 = c*n + 2*a, -2*a - 2*a - x = -n. What is the hundreds digit of n?
2
Let w = 573 - 306. Suppose -4*h + w = -h. Let y = h - -126. What is the hundreds digit of y?
2
Let h(u) = u**3 + 3*u**2 + 2*u + 1336. Let m be h(0). Suppose 5*t - 1667 = -4*d, -t - 3*t - 4*d + m = 0. What is the hundreds digit of t?
3
Let w = 55 + -10. Suppose w*a = 41*a + 24. Suppose 11*j - a*j - 60 = 0. What is the tens digit of j?
1
Suppose -m - 126741 - 554001 = -10*m. What is the hundreds digit of m?
6
Let z = -23 + 26. Suppose -2*b + 4*w + 328 = 2*b, z*b = -5*w + 206. Let i = 144 - b. What is the units digit of i?
7
What is the thousands digit of ((-2)/(-6))/(-16 - (-9871445)/616965)?
1
Let w = 67147 - 15995. What is the thousands digit of w?
1
Suppose 0 = -21*q + 9*q - 1068. What is the tens digit of q/(8/((-256)/8))?
5
What is the thousands digit of (12/10)/3 - (-1137058)/505?
2
Suppose -111*v + 1114019 + 293309 = 97*v. What is the hundreds digit of v?
7
What is the thousands digit of (4899879/(-1384))/(9/(-48))?
8
Suppose -f - 4*c + 1228 = -562, -7216 = -4*f - 2*c. Suppose 741 = 9*q - f. What is the tens digit of q?
8
Suppose r = -2*i + 5, -3*i + 2*r = 2*i - 35. Suppose -i*k + 425 = -5*b, -4 = -3*b - 1. What is the units digit of k?
6
Suppose 0 = -76*b + 78*b. Suppose 0*j - 5*j - 5*z + 455 = b, -10 = 5*z. What is the units digit of j?
3
Let k(i) = -82*i**3 - 27*i**2 - 179*i - 10. What is the hundreds digit of k(-7)?
0
What is the units digit of ((-45)/(2565/(-122398)))/((-2)/(-12))?
4
Let w(i) = -i**2 + 11*i + 10. Let l be w(12). What is the units digit of 0 - (l - 64 - -2)?
4
Let q(v) be the second derivative of 5*v**4/12 + 49*v**3/6 - 15*v**2 + 33*v. Let g(r) be the first derivative of q(r). What is th